s digit of m?
7
Suppose -2*x - 2*x + 22 = 2*j, -j + 16 = 3*x. What is the units digit of x?
5
Suppose -2*g - 213 = -3*y, y - 4*g - 26 = 55. What is the units digit of y?
9
Let z(v) = v**2 - 3*v - 5. Let f be z(5). Suppose -3*a + 29 = 3*d - 19, 0 = -f*a + 15. What is the tens digit of d?
1
Suppose 0*a = 3*a. Suppose 32 = 5*o + 3*t, -26 = -3*o - a*t + 5*t. What is the units digit of o?
7
Suppose 5*x + 28 = x. Let m = 36 + x. What is the tens digit of m?
2
Suppose -5 = -3*d - 17. Let a = 8 + d. Let q = 11 - a. What is the units digit of q?
7
Let o(u) be the third derivative of u**5/60 - 5*u**3/3 + u**2. What is the tens digit of o(6)?
2
Let t(p) be the second derivative of 7/6*p**3 + 0 + 2*p - 1/2*p**2 + 1/12*p**4. What is the units digit of t(-9)?
7
Let b be (12/(-8))/(6/(-8)). Let o(d) = -d**3 - 4*d**2 - 4*d + 1. Let s be o(-3). Suppose 5*k = -b*n + 25, 35 = s*n + 4*k + k. What is the units digit of n?
5
Suppose 2*y = 4*y - 30. Suppose 2*k + y = 7*k. Suppose 0 = 3*g - k*d - 15, 5*d - 2*d + 3 = 0. What is the units digit of g?
4
Let h be 24/9 - 2/(-6). Suppose -c + 13 = -h. What is the tens digit of c?
1
Let s(y) = y**2 - 13*y + 18. What is the units digit of s(14)?
2
Suppose -j + 46 = -4*x, 0*j + 2*j - x - 64 = 0. What is the tens digit of j?
3
Suppose -2*a - 5*x + 89 = 0, -4*a + 202 = x + x. What is the units digit of a?
2
Let b(n) = 2*n**2 - 2*n - 1. Let i be b(-1). Suppose 3*u + 1 = y, -7*u + 5*y = -3*u + 16. Suppose -t + u = -i. What is the units digit of t?
4
Let j = -23 + 43. Suppose 0 = -5*g + g + j. Suppose 2*q - g = 3*d, -5*q - 3*d - 6 = -8*q. What is the units digit of q?
1
What is the hundreds digit of (-4)/14 + (-4490)/(-35)?
1
What is the units digit of -2 + 12/4 + 4?
5
Suppose -5*k = -9 - 6. Suppose 6*d = k*d + 30. What is the tens digit of d?
1
Let d(b) = b**2 - 8*b + 8. Let a be d(9). Suppose 3*k - 10 = a. Suppose -k = -2*q - 3. What is the units digit of q?
3
Suppose -4*d + 5*d = 3. What is the units digit of (18/(-12))/(d/(-28))?
4
Let r(b) = b + 2. Let d be r(-2). Let k(z) = d*z + 3*z - z - 1. What is the tens digit of k(6)?
1
Let c be (-12)/20 - (-3)/5. Suppose c = a + a - 38. What is the units digit of a?
9
Let b(a) = -2*a**3 - 12*a**2 + 5*a + 2. What is the tens digit of b(-7)?
6
Let z(n) = 6*n**2 - 11*n + 7. What is the hundreds digit of z(5)?
1
Let l(z) = -4*z + 1. Let f be l(2). Let n(s) = 4*s - 13. Let q(m) = 3*m - 12. Let p(a) = 4*n(a) - 5*q(a). What is the units digit of p(f)?
1
Let i = 2 + 5. Let p = -3 + i. Let f(w) = 3*w - 3. What is the units digit of f(p)?
9
What is the units digit of 5/((-45)/(-66)) - (-1)/(-3)?
7
Let v(i) = -i + 23. Let c be v(13). Suppose -6*t = -3*t + z, -c = -t + 3*z. What is the units digit of t?
1
Suppose y + 3*y - p - 89 = 0, -4*p + 104 = 4*y. Suppose 2*m + k + 29 = 4*m, -2*m + y = k. What is the units digit of m?
3
Let y(x) be the second derivative of x**5/20 - x**4/3 + 2*x**3/3 + x**2/2 + x. What is the units digit of y(3)?
4
Let m = -139 + 174. What is the tens digit of m?
3
Let v be 2 - (0 - (3 - 0)). Suppose v*r - 95 = -20. What is the tens digit of r?
1
Let q be 12/(-4) + 1 - -1. What is the units digit of (-2 - -1)*(-22 - q)?
1
Suppose 5*y + 1 - 16 = 0. Let i = 4 + -4. Suppose -3*p + 3*d = 2*d - 31, 4*p - y*d - 48 = i. What is the units digit of p?
9
Let v(l) = l**2 + 4*l + 2. Let d be v(-4). Suppose 0 = -d*s - s + 60. What is the units digit of s?
0
Let t = 5 + -2. Suppose 0 = -5*j - 4*v + 30, -2*v - 2*v = -t*j + 50. What is the tens digit of j?
1
Let l = -16 + 26. What is the tens digit of l?
1
Suppose -12*a = -3*a - 639. What is the tens digit of a?
7
Let v be 7/(-21) + (-398)/(-6). Suppose 2*f + 6*g = 3*g + 37, -3*f + v = g. What is the tens digit of f?
2
Let v be ((-10)/2)/(1 - 0). Let q = -6 - v. What is the tens digit of -2 - (-11 - (1 - q))?
1
Suppose 8 = 4*p - 3*g, 6*g - 3*g - 12 = 0. Suppose -p*j - 35 = -3*z - 2*z, 4*j - 2*z = -30. Let n = -1 - j. What is the units digit of n?
7
Let t = 144 + -96. What is the tens digit of t?
4
Let r be -3*12/(-27)*18. Suppose r = -0*c + 3*c - 4*v, -4*v - 8 = -c. Let n = -6 + c. What is the units digit of n?
2
Suppose -4*f - 5 = f. Let x = f + 4. What is the units digit of (-28)/(-6) - (-1)/x?
5
Let d = -5 - -5. What is the tens digit of 18 - (d/2 + 0)?
1
Suppose -2*c + 37 - 12 = 3*u, 2*u + 2*c = 18. Let t = u + 5. What is the tens digit of t?
1
What is the units digit of 2/(-2) - (-17 + 2)?
4
Suppose 0 = -4*x + 192 + 92. What is the units digit of x?
1
Let m(k) = -k**2 + 10*k - 3. Let z(h) = h**3 + 7*h**2 + 6*h + 9. Let i be z(-6). What is the units digit of m(i)?
6
Let h(s) = 37*s**2 - s. What is the units digit of h(1)?
6
Suppose -3*s - d - 10 = 0, s - 5*d = -0*d - 14. What is the units digit of 3*s/(-6) - -5?
7
Suppose i + i = 0. Let g(h) = h**2 + 4*h - 7. Let a be g(-6). What is the tens digit of (-33 + a)/(-2 + i)?
1
Let p be (-4)/(-10) - (-18)/5. Suppose p*g = -g - 210. Let o = -28 - g. What is the units digit of o?
4
Let n be (0 - (0 + 3)) + 3. Suppose n = g + 4*g + 5. What is the tens digit of g*(6/(-3) - 10)?
1
Suppose 16 = -0*u + 4*u. Let b be (-1 - 5)/(6/(-8)). Suppose -2*d + 4*t = 3*d + 7, u*d = 4*t - b. What is the units digit of d?
1
Let o be 27*(-2)/3*1. Let p = 32 + o. What is the units digit of p?
4
Let j = 23 - 13. Suppose j*g - 52 = 8*g. What is the units digit of g?
6
Let s be 3*1*16/6. Let x(z) = -z**2 + 7*z + 10. Let i be x(s). What is the units digit of i/(2/16*2)?
8
Let b = 1 - -47. What is the units digit of b?
8
What is the tens digit of 3*5/(10/8)?
1
Suppose -2*u = -6*u - r + 42, 0 = 3*u + 5*r - 40. Suppose -u = -k + 12. Suppose 2*c + 2*w - k = 0, 5*c - 3*w - 57 = -10. What is the units digit of c?
0
Let l = 975 - 693. What is the units digit of l?
2
Suppose -4*f = -3*d - 147, -5*f - 3*d - 2*d = -140. What is the tens digit of f?
3
Let o(c) = 2*c**2 + 2. What is the units digit of o(-5)?
2
Let z = -1 + 5. Let w be (-8)/12*(-42)/z. Let j = w + -6. What is the units digit of j?
1
Let p(a) = 2*a**3 + 3*a**2 + a + 1. Let g = -5 - -2. Let l(i) = 3*i**3 + 5*i**2 + 2*i + 2. Let y(w) = g*l(w) + 5*p(w). What is the units digit of y(2)?
5
Let x(k) = k**2 + 8*k - 9. Let z be x(-9). Suppose t + 3*p = 0, 4*t - 34 + 0 = 5*p. Suppose m - t = -z. What is the units digit of m?
6
Let o be (1/1)/1 + 20. Let n = 56 - o. What is the units digit of n?
5
What is the units digit of 5*(580/25 + -1)?
1
Let o(r) = r**3 - 6*r**2 + 3*r + 6. Let n be o(5). What is the units digit of 116/16 - (-1)/n?
7
Let y be 16/12 + 82/6. What is the tens digit of 447/15 + 3/y?
3
Let m(b) be the first derivative of -7/2*b**2 - 1 - 1/3*b**3 - b. What is the units digit of m(-6)?
5
Let s(z) = 2*z**2 - 20*z - 12. What is the hundreds digit of s(14)?
1
Let c = 5 - 0. Suppose y + f = 3, 4*y + c*f = -0*y + 8. Let l = y - 2. What is the units digit of l?
5
Let k be (30/(-9))/((-4)/6). Let f = 11 - k. What is the units digit of f?
6
Let p(h) be the third derivative of h**5/60 - h**4/4 + h**3/3 - 2*h**2. Let l be p(6). Suppose -3*q = -q - l. What is the units digit of q?
1
What is the tens digit of 439/9 + (-34)/(-153)?
4
Suppose -4*s + 0*v = 4*v - 28, 5*s = v + 5. Let n be 3*2/(-3)*-4. Let z = n - s. What is the units digit of z?
6
What is the tens digit of (-10)/(7/((-273)/6))?
6
Let w be -4 - 2 - (-2)/1. Let m = -26 + 28. What is the units digit of w/m - (-7 + -1)?
6
Let c be (-3)/5 + 198/30. Let k(a) = 2*a - 7. Let v be k(c). Suppose -17 = 3*w - v, 5*w = -2*i - 6. What is the units digit of i?
7
Suppose 14*b = 17*b - 168. What is the tens digit of b?
5
Let b(g) = -g**2 - 12*g - 13. Let c be b(-11). Let n = 0 - c. Suppose -2*j + 5*p = -5*j + 34, -n*j - 19 = -5*p. What is the units digit of j?
3
Suppose z + 2*g = 113 - 34, 4*g + 268 = 4*z. What is the tens digit of z?
7
Suppose -5 = 9*q - 4*q. What is the units digit of 3 + q - 2 - -8?
8
Let b be 11 - (-2 - 1 - 0). Let i be 130/b - 4/14. Let m = 23 - i. What is the tens digit of m?
1
Let q be (0 - -2)*(-27)/(-2). Let k = -17 + q. What is the tens digit of k?
1
Suppose 0*r - 12 = 3*r. Let y = r - -8. What is the units digit of y?
4
Suppose 4*l - 15 = l, 2*l = 4*i - 546. What is the tens digit of i?
3
Let i(h) = 58*h + 38. What is the tens digit of i(5)?
2
Suppose 2*t + 5*w + 5 - 12 = 0, 5*t + 26 = 2*w. Let 